
Does 36 divide 113978212?
False
Is 1854579618 a multiple of 10986?
True
Is 168608278 a multiple of 10?
False
Does 5 divide 29405460?
True
Does 8 divide 61784806?
False
Is 565 a factor of 156042265?
True
Does 458 divide 455113221?
False
Does 103 divide 15961395?
True
Is 728735604 a multiple of 101?
True
Is 14702467 a multiple of 98?
False
Is 140 a factor of 70547897?
False
Is 502 a factor of 2056832552?
True
Does 1480 divide 32700600?
True
Is 9490804 a multiple of 94?
True
Is 6058 a factor of 2011122724?
True
Is 39827102 a multiple of 22?
False
Is 530 a factor of 26805189?
False
Is 16807540 a multiple of 164?
True
Does 35 divide 743015?
True
Is 55953664 a multiple of 1376?
True
Is 143285023 a multiple of 371?
True
Is 6 a factor of 8847503?
False
Is 114331008 a multiple of 25?
False
Does 8 divide 27081112?
True
Does 178 divide 1477796406?
True
Is 720544 a multiple of 368?
True
Is 47488093 a multiple of 1719?
False
Is 1353228 a multiple of 385?
False
Is 6973 a factor of 766426224?
False
Is 22058710 a multiple of 181?
False
Is 6 a factor of 507061050?
True
Is 7064 a factor of 122899472?
True
Is 214 a factor of 33016?
False
Is 612 a factor of 2024252603?
False
Does 50 divide 56172618?
False
Is 2599727 a multiple of 13?
True
Does 15 divide 511107330?
True
Is 27 a factor of 1937038850?
False
Is 49982992 a multiple of 16?
True
Does 19 divide 435981407?
False
Is 186308697 a multiple of 79?
False
Is 817647222 a multiple of 522?
False
Is 306 a factor of 72786452?
False
Is 2494 a factor of 66513760?
False
Is 63 a factor of 12929802?
False
Is 52593551 a multiple of 24?
False
Is 73 a factor of 94412965?
False
Does 77 divide 446721521?
False
Is 1203120672 a multiple of 104?
True
Is 36934632 a multiple of 588?
True
Is 920034432 a multiple of 36?
True
Is 21 a factor of 199648155?
True
Is 998966800 a multiple of 494?
True
Does 107 divide 191444935?
True
Does 91 divide 36766974?
False
Is 57959982 a multiple of 37?
True
Does 37 divide 1275361547?
True
Is 94412757 a multiple of 2859?
True
Is 176371359 a multiple of 29?
True
Does 2052 divide 2560942?
False
Is 7 a factor of 2940947?
False
Does 53 divide 11920538?
False
Is 566 a factor of 208732777?
False
Is 46 a factor of 1081074980?
True
Is 29956995 a multiple of 1455?
True
Is 99 a factor of 606440915?
False
Does 605 divide 9220200?
True
Does 774 divide 2802041766?
True
Is 16455329 a multiple of 2?
False
Is 112 a factor of 2380784?
True
Is 549 a factor of 30194383?
False
Is 3311 a factor of 50486128?
True
Is 337 a factor of 37336904?
True
Is 57 a factor of 445162446?
False
Is 1763 a factor of 54370920?
True
Does 16 divide 114053194?
False
Is 77 a factor of 54249965?
True
Is 1905525 even?
False
Is 30 a factor of 325144500?
True
Does 84 divide 31972852?
False
Does 19 divide 2401723?
False
Is 361275193 a multiple of 35?
False
Does 74 divide 122173714?
False
Does 4 divide 8918111?
False
Is 230213256 a multiple of 168?
True
Is 45 a factor of 173259360?
True
Is 3675253422 a multiple of 93?
True
Is 8784831 a multiple of 403?
False
Does 64 divide 76473983?
False
Is 275936712 a multiple of 727?
False
Is 1939 a factor of 4564406?
True
Is 2 a factor of 30150?
True
Is 11463308 even?
True
Does 3086 divide 119634962?
True
Is 920 a factor of 9015080?
True
Does 949 divide 3085199?
True
Is 221503698 a multiple of 1937?
True
Is 126838700 a multiple of 25?
True
Is 40547438 a multiple of 605?
False
Does 37 divide 23579290?
False
Does 9567 divide 2493782055?
True
Does 3395 divide 2584585087?
False
Does 44 divide 92430624?
True
Is 13 a factor of 2756901914?
True
Does 82 divide 45335307?
False
Does 61 divide 33516450?
True
Is 24 a factor of 700195535?
False
Does 143 divide 297436122?
False
Is 28 a factor of 669630175?
False
Is 82268863 a multiple of 1697?
True
Does 1143 divide 85917024?
True
Is 724275131 a multiple of 2?
False
Is 21022813 a multiple of 22?
False
Is 694 a factor of 40702043?
False
Does 3369 divide 194960661?
True
Is 532016752 a multiple of 4627?
False
Is 43809822 a multiple of 162?
True
Does 35 divide 898449745?
False
Is 683517881 a multiple of 2120?
False
Is 10839575 a multiple of 281?
True
Is 5 a factor of 7774002?
False
Is 1661118202 a multiple of 404?
False
Does 605 divide 30038125?
False
Is 149057325 a multiple of 9?
True
Is 99 a factor of 1653475678?
False
Is 4858038 a multiple of 5?
False
Does 42 divide 985876710?
True
Is 44 a factor of 787508?
False
Is 128598620 a multiple of 20?
True
Is 1254 a factor of 57194940?
True
Is 192 a factor of 37808860?
False
Does 27 divide 1473796890?
True
Does 65 divide 18069686?
False
Does 20 divide 206870727?
False
Does 39 divide 23643675?
False
Does 1624 divide 1105856304?
True
Does 166 divide 242105190?
True
Is 72 a factor of 7644384?
True
Is 124 a factor of 11190692?
False
Is 1816 a factor of 127269633?
False
Is 114 a factor of 28327518?
True
Is 15 a factor of 12813675?
True
Is 198 a factor of 849533256?
True
Is 998 a factor of 169292736?
True
Is 4041720 a multiple of 120?
True
Is 620435 a multiple of 7?
False
Is 6152 a factor of 299206103?
False
Does 938 divide 583778370?
True
Is 20 a factor of 28793980?
True
Is 2505460402 a multiple of 1174?
True
Is 25703641 a multiple of 131?
True
Does 62 divide 30254264?
True
Is 25728105 a multiple of 3?
True
Does 7782 divide 2155746294?
True
Is 5227525556 a multiple of 56?
False
Is 34 a factor of 265489442?
True
Does 10 divide 20860860?
True
Is 199807160 a multiple of 20?
True
Does 474 divide 27573201?
False
Is 255458544 a multiple of 4587?
False
Is 132 a factor of 4024152?
True
Does 8 divide 528751239?
False
Is 18 a factor of 2281842?
True
Is 15809866 a multiple of 19?
False
Is 108130914 a multiple of 3162?
True
Is 3 a factor of 78633842?
False
Is 73 a factor of 35963085?
True
Is 39754590 a multiple of 1047?
True
Does 15 divide 29219775?
True
Does 10 divide 128687934?
False
Is 1210615502 a multiple of 4111?
True
Does 273 divide 22201725?
True
Does 20 divide 482552220?
True
Is 6538056 a multiple of 24?
True
Does 2821 divide 86236817?
False
Is 10 a factor of 3909140334?
False
Does 1067 divide 14670743?
False
Is 1330 a factor of 15997240?
True
Does 2 divide 2479678?
True
Does 268 divide 229152864?
True
Is 323522265 a multiple of 53?
False
Is 456039017 a multiple of 233?
True
Does 8 divide 4701192?
True
Is 127 a factor of 8174736?
True
Is 334 a factor of 1287374726?
False
Is 32 a factor of 7717664?
True
Does 204 divide 462359873?
False
Is 41 a factor of 45967789?
False
Does 32 divide 122306548?
False
Is 71 a factor of 4932086?
True
Does 1980 divide 101336400?
True
Is 1459 a factor of 60226061?
True
Is 30 a factor of 240220110?
True
Does 718 divide 269677334?
False
Does 28 divide 414786734?
False
Does 89 divide 119723481?
False
Does 181 divide 49787276?
False
Is 379732539 a multiple of 5119?
True
Is 45072691 a multiple of 14?
False
Is 27485692 a multiple of 9?
False
Is 4 a factor of 596204488?
True
Is 226 a factor of 732395066?
False
Is 358569691 a multiple of 1192?
False
Is 105 a factor of 568183039?
False
Does 607 divide 2455315?
True
Does 37 divide 18062443?
False
Does 513 divide 115004853?
True
Is 2387 a factor of 33981064?
False
Is 242370535 a multiple of 55?
True
Is 10 a factor of 793597457?
False
Does 1273 divide 1441795981?
True
Is 4386 a factor of 1051591746?
True
Is 77 a factor of 753101041?
True
Does 2058 divide 1167488994?
True
Does 6 divide 22702206?
True
Is 149503117 a multiple of 1300?
False
Is 756 a factor of 4408196688?
True
Is 298 a factor of 38000960?
True
Is 248414988 a multiple of 2017?
False
Is 514851612 a multiple of 132?
True
Is 780463663 a multiple of 707?
True
Is 306667812 a multiple of 3938?
True
Is 18448877 a multiple of 4?
False
Is 26 a factor of 910421338?
False
Is 37 a factor of 115103071?
False
Is 77 a factor of 57160482?
False
Is 1565 a factor of 92448728?
False
Does 122 divide 46243734?
True
Is 50358719 a multiple of 667?
False
Is 66 a factor of 171331116?
True
Is 72981489 a multiple of 48?
False
Is 198320955 a multiple of 35?
True
Does 748 divide 193005174?
False
Is 226158083 a multiple of 197?
False
Is 15182062 a multiple of 788?
False
Does 4 divide 47577224?
True
Is 120 a factor of 4324457894?
False
Does 225 divide 622731600?
True
Is 548826 a multiple of 246?
True
Is 285107010 a multiple of 120?
False
D